45
What is the greatest common divisor of 2168 and 50296?
8
Calculate the highest common factor of 118 and 2250142.
118
Calculate the highest common divisor of 40956808 and 340.
68
What is the highest common divisor of 14598264 and 3180?
12
What is the highest common factor of 1739059 and 4067?
49
Calculate the highest common divisor of 61021 and 410189.
139
Calculate the highest common divisor of 12655060 and 30.
10
What is the greatest common divisor of 7286272 and 7448?
1064
What is the highest common divisor of 747 and 793216143?
747
What is the greatest common factor of 21 and 1396051314?
21
What is the greatest common divisor of 116400906 and 99?
9
Calculate the highest common factor of 35459331 and 170.
17
What is the highest common factor of 136918 and 30022?
34
What is the highest common divisor of 268 and 96176?
4
What is the highest common factor of 17 and 1035754121?
17
Calculate the greatest common divisor of 101840318 and 45518.
4138
Calculate the highest common divisor of 132822 and 47.
47
What is the greatest common factor of 91376 and 13168?
16
Calculate the greatest common factor of 4131 and 78759810.
459
Calculate the highest common factor of 16448845 and 70.
35
Calculate the highest common divisor of 386489280 and 1920.
960
What is the highest common factor of 7604340 and 8100?
60
Calculate the highest common divisor of 36015200 and 15.
5
Calculate the highest common divisor of 177447 and 303.
3
What is the highest common factor of 613264456 and 3864?
1288
What is the greatest common factor of 33166032 and 93?
93
What is the greatest common divisor of 291 and 38548479?
291
What is the highest common factor of 4459548 and 1269?
141
Calculate the highest common divisor of 99 and 33031053.
99
What is the highest common factor of 2210614 and 28?
14
What is the greatest common factor of 1635 and 3111623?
109
What is the highest common divisor of 1119482 and 144872?
182
What is the highest common factor of 28 and 367734976?
28
Calculate the highest common factor of 990196728 and 1616.
808
Calculate the greatest common factor of 125 and 244525750.
125
What is the highest common factor of 11682 and 341484?
66
What is the greatest common factor of 644 and 2121336?
644
Calculate the greatest common factor of 235554 and 33798.
258
What is the greatest common factor of 6616365 and 313845?
6405
What is the highest common factor of 40430 and 79820?
130
Calculate the highest common divisor of 12 and 93262248.
12
Calculate the greatest common divisor of 5121 and 1989.
9
Calculate the highest common factor of 54549173 and 7.
7
Calculate the greatest common divisor of 340615777 and 3391.
3391
What is the greatest common factor of 600424 and 88?
88
What is the greatest common factor of 1025511 and 186?
93
Calculate the greatest common factor of 3064864 and 288.
32
What is the greatest common divisor of 29666507 and 58?
29
Calculate the highest common divisor of 13448 and 15024.
8
What is the highest common divisor of 848 and 454782824?
424
Calculate the highest common factor of 610 and 36870.
10
What is the greatest common divisor of 19213628 and 532?
28
Calculate the highest common divisor of 85 and 179845.
5
What is the greatest common factor of 2970499 and 1624?
203
Calculate the highest common factor of 2047 and 173915167.
2047
What is the highest common divisor of 1558 and 741702259?
779
Calculate the highest common divisor of 1066 and 6171542.
26
What is the highest common divisor of 4330 and 77270?
10
What is the highest common factor of 992316808 and 56?
56
What is the highest common divisor of 21567 and 51345?
21
Calculate the greatest common divisor of 1644 and 2707188.
12
What is the highest common divisor of 72402220 and 55?
55
What is the greatest common divisor of 3549 and 35906286?
39
Calculate the greatest common factor of 6207365 and 7338425.
13465
What is the greatest common factor of 9 and 7092573?
3
What is the highest common factor of 62016 and 2317872?
48
What is the greatest common divisor of 122936 and 233288?
968
Calculate the greatest common factor of 6188 and 272757316.
884
What is the highest common divisor of 180 and 20350410?
30
Calculate the highest common factor of 19494593 and 3634.
1817
What is the greatest common divisor of 987091 and 5543?
23
What is the greatest common factor of 392286 and 40?
2
What is the highest common factor of 35006446 and 2350?
94
Calculate the greatest common factor of 24947 and 30403477.
247
What is the highest common factor of 69473731 and 4787?
4787
Calculate the highest common divisor of 656 and 21865136.
656
What is the greatest common factor of 12 and 433940?
4
Calculate the greatest common divisor of 251206 and 2198547.
989
What is the greatest common factor of 298 and 19484134?
298
What is the greatest common factor of 23436 and 3495?
3
Calculate the greatest common divisor of 41508 and 5661.
9
What is the greatest common factor of 4108 and 220252?
316
Calculate the highest common factor of 207 and 173115.
9
Calculate the highest common divisor of 162 and 796149.
81
Calculate the greatest common factor of 146 and 138752998.
146
What is the greatest common divisor of 15383783 and 22837?
557
What is the greatest common factor of 2248 and 6783621?
281
Calculate the highest common divisor of 829888 and 114752.
64
Calculate the highest common factor of 27 and 1466893260.
27
Calculate the greatest common divisor of 107800994 and 14.
14
What is the greatest common factor of 383861 and 947505?
4859
Calculate the highest common factor of 100716 and 72732.
132
What is the highest common divisor of 25608372 and 651817?
8929
What is the highest common factor of 32 and 104196376?
8
What is the greatest common divisor of 1012108 and 9612?
356
Calculate the highest common factor of 13 and 1445465411.
13
What is the greatest common factor of 25857451 and 7910?
113
What is the greatest common divisor of 544 and 2313428?
68
Calculate the highest common factor of 2709 and 1376774.
301
Calculate the highest common divisor of 1794 and 357834.
138
Calculate the greatest common factor of 3927198 and 154.
22
Calculate the greatest common factor of 14381 and 612251.
73
Calculate the greatest common divisor of 903 and 259224.
21
Calculate the highest common factor of 122564 and 68588.
52
What is the greatest common divisor of 1260798 and 714?
42
Calculate the greatest common divisor of 456312 and 660.
12
Calculate the highest common factor of 18260 and 559835.
415
What is the greatest common factor of 23 and 40879786?
23
Calculate the greatest common factor of 10822 and 3396562.
1546
Calculate the highest common factor of 302376 and 1299288.
1032
Calculate the highest common factor of 8647985 and 425.
85
What is the highest common factor of 211928038 and 28?
14
Calculate the highest common divisor of 172432 and 31616.
208
Calculate the highest common factor of 250 and 4130450.
50
What is the greatest common factor of 1024 and 322460672?
1024
What is the greatest common divisor of 33598921 and 1?
1
Calculate the greatest common factor of 38633257 and 1261.
1261
What is the greatest common factor of 25 and 344915?
5
Calculate the greatest common divisor of 739314943 and 79.
79
What is the greatest common factor of 94668684 and 204?
12
Calculate the highest common divisor of 12741720 and 960.
120
Calculate the greatest common factor of 216960 and 985920.
960
Calculate the greatest common divisor of 56832885 and 3096.
387
Calculate the highest common divisor of 1055085 and 103881.
93
What is the greatest common divisor of 1528380 and 832860?
1260
What is the greatest common factor of 349744242 and 30?
6
Calculate the highest common divisor of 3324997 and 94627.
3263
What is the highest common divisor of 4 and 60433248?
4
What is the greatest common divisor of 159523 and 66794?
91
Calculate the highest common factor of 40255 and 23280000.
485
What is the greatest common divisor of 21 and 519925413?
21
What is the greatest common factor of 160648296 and 2416?
1208
What is the greatest common factor of 957 and 1718376?
33
Calculate the greatest common divisor of 214584099 and 4791.
4791
Calculate the highest common factor of 1129 and 1152709.
1129
Calculate the greatest common factor of 73250856 and 20